s 30 divide 1980?
True
Does 11 divide 74?
False
Does 15 divide 26055?
True
Is 109 a factor of 29885?
False
Is 210 a multiple of 4?
False
Is 18 a factor of 585?
False
Does 7 divide 147?
True
Does 5 divide 1126?
False
Does 8 divide 4824?
True
Is 51 a factor of 8033?
False
Is 28 a factor of 672?
True
Does 65 divide 2270?
False
Is 16168 a multiple of 94?
True
Is 6 a factor of 258?
True
Does 12 divide 151522?
False
Is 70 a factor of 70?
True
Does 11 divide 23151?
False
Does 15 divide 9570?
True
Does 12 divide 372?
True
Does 22 divide 9442?
False
Is 32 a factor of 68224?
True
Does 28 divide 842?
False
Is 59 a factor of 2443?
False
Does 41 divide 2706?
True
Is 15522 a multiple of 7?
False
Does 13 divide 41249?
True
Is 45 a multiple of 9?
True
Is 25 a factor of 25?
True
Is 35 a factor of 53500?
False
Is 73203 a multiple of 118?
False
Is 148 a factor of 3347?
False
Is 358 a multiple of 21?
False
Does 13 divide 44200?
True
Is 2092 a multiple of 2?
True
Is 5 a factor of 5218?
False
Is 84 a multiple of 28?
True
Is 210 a multiple of 5?
True
Is 9 a factor of 531?
True
Does 74 divide 2118?
False
Is 38862 a multiple of 102?
True
Is 26716 a multiple of 84?
False
Does 98 divide 3875?
False
Is 275 a multiple of 4?
False
Does 20 divide 7846?
False
Does 3 divide 5171?
False
Is 102 a factor of 2346?
True
Is 5624 a multiple of 74?
True
Does 48 divide 1584?
True
Does 123 divide 1569?
False
Is 3 a factor of 25?
False
Is 7 a factor of 7?
True
Is 30 a factor of 4667?
False
Is 630 a multiple of 15?
True
Is 138 a factor of 50094?
True
Is 9 a factor of 3008?
False
Is 84 a factor of 3276?
True
Is 113 a factor of 2046?
False
Does 3 divide 198?
True
Does 27 divide 619?
False
Is 1050 a multiple of 30?
True
Is 27 a factor of 378?
True
Does 8 divide 55682?
False
Does 20 divide 1029?
False
Is 59342 a multiple of 41?
False
Is 3095 a multiple of 4?
False
Is 2 a factor of 88?
True
Is 10443 a multiple of 15?
False
Is 12 a factor of 552?
True
Is 26085 a multiple of 111?
True
Does 8 divide 336?
True
Does 16 divide 2384?
True
Does 116 divide 11252?
True
Is 212 a multiple of 25?
False
Is 4250 a multiple of 17?
True
Does 40 divide 20360?
True
Is 6532 a multiple of 23?
True
Is 11 a factor of 74782?
False
Is 31343 a multiple of 13?
True
Does 18 divide 46264?
False
Does 144 divide 84324?
False
Is 535 a multiple of 30?
False
Is 17 a factor of 18?
False
Does 69 divide 4969?
False
Is 39491 a multiple of 20?
False
Does 20 divide 43730?
False
Is 6225 a multiple of 5?
True
Is 5 a factor of 163?
False
Is 8976 a multiple of 44?
True
Is 4 a factor of 1284?
True
Is 479 a multiple of 18?
False
Is 5939 a multiple of 79?
False
Is 15 a factor of 2115?
True
Is 308 a multiple of 28?
True
Is 26 a factor of 1768?
True
Does 7 divide 2012?
False
Does 248 divide 45632?
True
Is 59 a factor of 2743?
False
Is 43959 a multiple of 231?
False
Is 37360 a multiple of 38?
False
Is 7986 a multiple of 22?
True
Does 11 divide 757?
False
Is 9 a factor of 1728?
True
Is 8 a factor of 2240?
True
Is 4022 a multiple of 9?
False
Is 68 a multiple of 8?
False
Is 32248 a multiple of 278?
True
Does 12 divide 10932?
True
Is 20 a factor of 13000?
True
Does 9 divide 7801?
False
Does 18 divide 162?
True
Does 14 divide 883?
False
Is 15 a factor of 510?
True
Is 2190 a multiple of 15?
True
Does 73 divide 1401?
False
Is 17 a factor of 79?
False
Does 8 divide 4789?
False
Does 17 divide 7888?
True
Does 62 divide 682?
True
Is 24 a factor of 18288?
True
Is 25 a factor of 1825?
True
Does 12 divide 52548?
True
Is 7138 a multiple of 166?
True
Is 35583 a multiple of 87?
True
Is 9230 a multiple of 5?
True
Does 24 divide 2568?
True
Is 64 a multiple of 24?
False
Is 1211 a multiple of 15?
False
Is 135 a factor of 33918?
False
Is 15 a factor of 23370?
True
Is 36432 a multiple of 144?
True
Is 23384 a multiple of 74?
True
Is 15 a factor of 12461?
False
Is 11 a factor of 136?
False
Is 8 a factor of 832?
True
Does 56 divide 9968?
True
Does 13 divide 402?
False
Is 54 a multiple of 54?
True
Is 9 a factor of 180?
True
Is 520 a multiple of 26?
True
Does 106 divide 6996?
True
Is 4360 a multiple of 32?
False
Is 66 a factor of 46590?
False
Is 5 a factor of 953?
False
Is 3 a factor of 892?
False
Is 575 a multiple of 23?
True
Does 60 divide 756?
False
Does 69 divide 138?
True
Is 7115 a multiple of 87?
False
Does 141 divide 3807?
True
Is 5 a multiple of 5?
True
Does 58 divide 45936?
True
Is 45 a factor of 225?
True
Is 537 a multiple of 12?
False
Is 1005 a multiple of 15?
True
Does 39 divide 16379?
False
Does 23 divide 3174?
True
Is 19 a factor of 37696?
True
Is 14 a factor of 406?
True
Does 22 divide 30339?
False
Is 293 a factor of 49810?
True
Is 11936 a multiple of 32?
True
Is 114 a factor of 19596?
False
Is 8 a multiple of 8?
True
Is 32 a factor of 14217?
False
Is 45287 a multiple of 179?
True
Is 6 a factor of 8250?
True
Is 2894 a multiple of 13?
False
Is 18 a factor of 684?
True
Does 27 divide 1944?
True
Is 15 a factor of 3782?
False
Is 2 a factor of 126?
True
Is 7 a factor of 30515?
False
Is 2002 a multiple of 6?
False
Is 11 a factor of 410?
False
Does 7 divide 1561?
True
Does 40 divide 11720?
True
Does 12 divide 5544?
True
Is 378 a multiple of 7?
True
Does 25 divide 112?
False
Is 42 a factor of 42?
True
Does 98 divide 7983?
False
Does 47 divide 11797?
True
Does 93 divide 19558?
False
Is 1180 a multiple of 59?
True
Does 18 divide 5058?
True
Is 64856 a multiple of 88?
True
Is 3 a factor of 67?
False
Does 47 divide 6088?
False
Does 6 divide 162?
True
Is 46864 a multiple of 126?
False
Does 56 divide 168?
True
Does 94 divide 8970?
False
Does 9 divide 295?
False
Is 8 a factor of 8?
True
Is 3119 a multiple of 7?
False
Does 11 divide 7999?
False
Is 9 a factor of 405?
True
Is 2576 a multiple of 66?
False
Is 27 a factor of 891?
True
Is 2242 a multiple of 38?
True
Does 176 divide 9856?
True
Is 5 a factor of 601?
False
Does 70 divide 2940?
True
Does 17 divide 731?
True
Does 26 divide 703?
False
Is 2357 a multiple of 29?
False
Is 16 a factor of 717?
False
Is 29 a factor of 1918?
False
Is 63 a multiple of 52?
False
Is 4652 a multiple of 4?
True
Is 58 a factor of 40966?
False
Does 3 divide 6248?
False
Is 124 a factor of 22196?
True
Is 362 a multiple of 21?
False
Is 13 a factor of 884?
True
Is 15816 a multiple of 122?
False
Is 67 a factor of 34974?
True
Is 4664 a multiple of 106?
True
Is 14 a factor of 17523?
False
Is 159 a factor of 29684?
False
Is 14569 a multiple of 16?
False
Is 453 a multiple of 21?
False
Is 120 a factor of 82800?
True
Is 2165 a multiple of 13?
False
Is 6460 a multiple of 32?
False
Is 38556 a multiple of 28?
True
Does 5 divide 2895?
True
Is 2976 a multiple of 93?
True
Is 1343 a multiple of 23?
False
Is 65 a factor of 27882?
False
Is 216 a multiple of 72?
True
Does 23 divide 1056?
False
Does 31 divide 7347?
True
Is 136 a multiple of 11?
False
Does 6 divide 2009?
False
Is 6 a factor of 1319?
False
Does 33 divide 1221?
True
Is 12 a factor of 1548?
True
Does 49 divide 57673?
True
Is 22 a factor of 10967?
False
Does 9 divide 13051?
False
Does 91 divide 1125?
False
Is 86 a factor of 11352?
True
Is 68 a factor of 1000?
False
Is 391 a multiple of 61?
False
Does 8 divide 216?
True
Does 7 divide 13489?
True
Is 26 a factor of 808?
False
Is 3016 a multiple of 52?
True
Does 67 divide 110?
False
Is 25939 a multiple of 9?
False
Does 16 divide 1344?
True
Does 6 divide 195?
False
Is 272 a factor of 32294?
False
Is 11352 a multiple of 12?
True
Is 9 a factor of 594?
True
Is 253 a multiple of 11?
True
Does 14 divide 2428?
False
Does 26 divide 13931?
False
Does 101 divide 18139?
False
Is 10 a factor of 514?
False
Is 27247 a multiple of 36?
False
Is 1958 a multiple of 22?
True
Is 77420 a multiple of 20?
True
Does 34 divide 374?
True
Is 26 a factor of 26?
True
Is 52 a factor of 3531?
False
Is 21 a factor of 21?
True
Is 49 a factor of 100?
False
Is 284 a multiple of 71?
True
Does 110 divide 6710?
True
Is 67919 a multiple of 45?
False
Does 224 divide 15219?
False
Does 151 divide 84822?
False
Is 36 a factor of 887?
False
Is 4376 a multiple of 81?
False
Is 2944 a multiple of 72?
False
Is 34 a factor of 544?
True
Is 50 a factor of 40289?
False
Is 1400 a multiple of 35?
True
Does 23 divide 483?
True
Does 7 divide 3192?
True
Is 2988 a multiple of 77?
False
Is 5643 a multiple of 11?
T